
False
Is 324588767 a prime number?
False
Is 2705509 prime?
True
Is 388657697 a composite number?
True
Is 137363477 prime?
True
Is 207026247 a composite number?
True
Is 64346039 a prime number?
True
Is 13795049 prime?
False
Is 28756609 composite?
True
Is 89188007 a prime number?
False
Is 92530117 a composite number?
False
Is 702311 a prime number?
True
Is 64816379 composite?
True
Is 868399591 a composite number?
False
Is 807267 a prime number?
False
Is 5893619 a prime number?
False
Is 42751469 composite?
False
Is 178054673 a prime number?
True
Is 14302807 a composite number?
False
Is 1907107 prime?
True
Is 384288581 prime?
True
Is 28913623 a prime number?
True
Is 73729 a prime number?
False
Is 15437959 a prime number?
True
Is 3569221 prime?
True
Is 422871607 composite?
False
Is 21036469 composite?
False
Is 10865033 composite?
False
Is 14333699 a composite number?
False
Is 28784447 a prime number?
True
Is 8124839 a composite number?
False
Is 76312307 a prime number?
True
Is 24701597 a composite number?
False
Is 51355945 a composite number?
True
Is 4191871 prime?
False
Is 14211917 prime?
True
Is 5136251 prime?
False
Is 56124961 composite?
True
Is 12849301 a prime number?
False
Is 14519917 prime?
True
Is 6765215 prime?
False
Is 735507158 composite?
True
Is 5765209 a prime number?
True
Is 2389341 a prime number?
False
Is 65538547 a prime number?
True
Is 33423997 a prime number?
False
Is 1801339 a prime number?
True
Is 13469417 prime?
False
Is 13718563 composite?
False
Is 1832513 composite?
False
Is 76576457 composite?
False
Is 1044547393 a prime number?
True
Is 21010879 a prime number?
False
Is 12819641 prime?
True
Is 197998751 composite?
False
Is 2658859 prime?
False
Is 11451845 composite?
True
Is 19150763 a prime number?
True
Is 83584613 a prime number?
False
Is 6156487 composite?
False
Is 202093337 composite?
True
Is 977047 a composite number?
False
Is 26059219 a prime number?
False
Is 52642831 a composite number?
False
Is 295353161 prime?
True
Is 5519237 a composite number?
True
Is 251879821 prime?
True
Is 1933643 composite?
False
Is 270899 composite?
False
Is 357113 a prime number?
False
Is 33011821 a composite number?
False
Is 11566453 prime?
True
Is 1769069 a composite number?
False
Is 11975311 a composite number?
False
Is 12673751 a prime number?
True
Is 934033 prime?
True
Is 5942137 a prime number?
True
Is 1803389 a composite number?
True
Is 792101 prime?
True
Is 92302319 a composite number?
False
Is 109883 a composite number?
False
Is 12705709 composite?
True
Is 2405489 a composite number?
True
Is 2549137 prime?
False
Is 18457177 a composite number?
False
Is 36472931 a prime number?
False
Is 173435 prime?
False
Is 13972363 composite?
False
Is 89077831 composite?
True
Is 120231077 a prime number?
True
Is 4152091 composite?
False
Is 5200843 a composite number?
False
Is 767993 composite?
True
Is 4872109 a prime number?
False
Is 246901283 a composite number?
True
Is 3109471 prime?
True
Is 49903187 a composite number?
True
Is 29046293 prime?
False
Is 1151389 composite?
False
Is 36918649 composite?
True
Is 92532929 composite?
False
Is 1317001 composite?
True
Is 39688741 composite?
False
Is 363257 composite?
False
Is 106134851 a composite number?
False
Is 132955565 prime?
False
Is 312751 prime?
False
Is 16236421 a composite number?
False
Is 1396093 a composite number?
False
Is 1095649 a prime number?
False
Is 130587657 a prime number?
False
Is 12510122 a composite number?
True
Is 622367 composite?
False
Is 78461099 a composite number?
False
Is 78647915 prime?
False
Is 5108387 a composite number?
False
Is 3951971 a prime number?
False
Is 5528387 composite?
False
Is 304590511 a composite number?
True
Is 797641 composite?
True
Is 1457849 a composite number?
False
Is 22789907 a composite number?
True
Is 18807821 a composite number?
False
Is 239677 prime?
False
Is 2635531 a composite number?
True
Is 1805857 composite?
False
Is 94423009 a prime number?
True
Is 7947053 a composite number?
False
Is 53874581 a composite number?
True
Is 1739021 a composite number?
False
Is 183538471 composite?
False
Is 42166381 a composite number?
True
Is 1192549 a composite number?
False
Is 129953 a composite number?
False
Is 6598954 composite?
True
Is 10008577 prime?
False
Is 20106619 composite?
True
Is 410083991 composite?
True
Is 3165439 prime?
True
Is 9420121 composite?
False
Is 155065979 a composite number?
False
Is 6579757 composite?
True
Is 7964549 a composite number?
False
Is 1813193 composite?
True
Is 11270029 composite?
True
Is 4686461 a prime number?
False
Is 32131633 a composite number?
True
Is 26355107 prime?
True
Is 1359997 composite?
False
Is 12873961 a prime number?
False
Is 9451943 composite?
False
Is 37244411 a prime number?
False
Is 34753171 composite?
False
Is 190579009 prime?
True
Is 23191643 a composite number?
True
Is 11204797 a composite number?
False
Is 10936117 a composite number?
True
Is 6688267 composite?
False
Is 5940083 a prime number?
False
Is 3902929 composite?
False
Is 79132471 a composite number?
True
Is 271906697 a prime number?
False
Is 89238011 a prime number?
True
Is 3658433 composite?
True
Is 2054167 a prime number?
False
Is 5150819 prime?
True
Is 39273659 prime?
True
Is 73707607 composite?
True
Is 27872407 composite?
False
Is 3458771 a prime number?
True
Is 1565309 prime?
False
Is 29837083 prime?
True
Is 42956483 a composite number?
True
Is 2696483 composite?
False
Is 296088787 composite?
False
Is 1039453 composite?
True
Is 2415499 a composite number?
False
Is 376256863 a composite number?
False
Is 3649307 a prime number?
True
Is 149347661 a prime number?
True
Is 35177927 a prime number?
True
Is 259949 prime?
True
Is 19340327 composite?
False
Is 16752598 prime?
False
Is 2562233 a composite number?
False
Is 4849717 a prime number?
False
Is 33261029 a prime number?
False
Is 6447173 a composite number?
False
Is 65845993 composite?
False
Is 2305603 prime?
False
Is 7037551 a composite number?
False
Is 1034101 composite?
False
Is 2730971 prime?
False
Is 19651789 composite?
False
Is 7425547 a composite number?
False
Is 255602407 a prime number?
False
Is 2318501 prime?
True
Is 1063703 composite?
True
Is 43987501 a composite number?
False
Is 398370431 a composite number?
False
Is 4253857 prime?
False
Is 97194407 a prime number?
False
Is 170196427 composite?
True
Is 9566787 composite?
True
Is 5828323 a prime number?
False
Is 54146023 composite?
False
Is 386727799 prime?
False
Is 29681357 a prime number?
True
Is 4191637 composite?
True
Is 459509 composite?
False
Is 95945957 prime?
False
Is 301573133 composite?
True
Is 4680989 prime?
False
Is 57736921 a prime number?
False
Is 128207279 a prime number?
False
Is 11058037 a prime number?
False
Is 174897659 a composite number?
False
Is 4470911 composite?
False
Is 9387119 a composite number?
True
Is 149329769 a composite number?
True
Is 65442277 prime?
True
Is 28304527 composite?
False
Is 28264237 prime?
True
Is 215662049 a composite number?
True
Is 3286553 a composite number?
False
Is 123131297 composite?
True
Is 37807223 composite?
True
Is 7300751 a prime number?
True
Is 12754457 composite?
False
Is 10824703 composite?
True
Is 8435338 composite?
True
Is 143406919 a composite number?
False
Is 79892191 a prime number?
True
Is 323897557 composite?
False
Is 19174979 composite?
False
Is 1988431 prime?
False
Is 18907787 a prime number?
True
Is 15909239 composite?
False
Is 322624583 a composite number?
False
Is 2293591 composite?
False
Is 26320409 composite?
False
Is 7239517 prime?
True
Is 69261307 a composite number?
False
Is 27410674 prime?
False
Is 9633089 a composite number?
False
Is 366513881 a prime number?
False
Is 44264302 composite?
True
Is 3922187 composite?
False
Is 288377657 composite?
True
Is 711082 a prime number?
False
Is 3660299 a prime number?
False
Is 3317663 a composite number?
False
Is 6750907 a prime number?
True
Is 346697 prime?
False
Is 3963083 prime?
False
Is 5339098 a composite number?
True
Is 11022089 prime?
False
Is 11914781 a prime number?
True
Is 2143157 composite?
False
Is 5794393 composite?
True
Is 15057979 a composite number?
True
Is 66218459 composite?
True
Is 21077741 prime?
True
Is 257700709 a composite number?
True
Is 12390203 a composite number?
True
Is 9741657